 is p(-8)?
-8
Let f(x) = -3*x - 8. Determine f(-4).
4
Let y(v) = v - 14. Determine y(-10).
-24
Let t(c) = 2*c**2 + 9*c + 27. Determine t(-10).
137
Let m(c) = -c**3 + 4*c**2 + 35*c - 24. Give m(8).
0
Let z(c) = -c**2 + 7*c + 3. Calculate z(8).
-5
Let k(i) = -4*i. Determine k(9).
-36
Let z(c) = 3*c + 23. What is z(4)?
35
Let w(k) = -7*k**2 + 18*k - 7. Determine w(3).
-16
Let m(b) = -2*b**3 + 2*b**2 - b - 2. Determine m(2).
-12
Let y(m) = -m**3 - 8*m**2 + 35*m + 14. Determine y(-11).
-8
Let j(d) = d**2 - 7*d + 3. What is j(6)?
-3
Let y(s) = s**3 + 23*s**2 + 25*s + 48. Give y(-22).
-18
Let f(q) = q**2 + 10*q. What is f(-9)?
-9
Let b(x) = -2*x**2 + 2*x + 7. Determine b(-3).
-17
Let p(c) = 2*c**2 - 5*c. Give p(4).
12
Let l(f) = f**2 + 14*f - 1. What is l(-11)?
-34
Let d(i) = 25*i + 14. Determine d(2).
64
Let a(y) = -y**2 - 7*y + 46. Determine a(6).
-32
Let s(v) = v**3 - 2*v + 2. Calculate s(2).
6
Let t(y) = -y**3 + 9*y**2 - 4*y + 13. Determine t(9).
-23
Let k(y) = -y**3 - 11*y**2 - 14*y + 36. Give k(-8).
-44
Let y(u) = u + 8. Calculate y(0).
8
Let b(q) = -q**2 - 14*q - 45. Give b(-10).
-5
Let h(j) = -j + 1. What is h(-1)?
2
Let d(c) = -2*c**2 + 46*c - 44. Determine d(22).
0
Let v(i) = -i**3 - 6*i**2 - i + 6. What is v(-5)?
-14
Let y(k) = 2*k**3 + 13*k**2 + 3*k - 25. Give y(-6).
-7
Let v(w) = -5*w + 14. What is v(5)?
-11
Let s(u) = -2*u**3 + 4*u**2 + 4*u + 3. Determine s(-2).
27
Let x(o) = -o**3 + 10*o**2 + 11*o + 2. What is x(11)?
2
Let o(s) = -11*s + 129. Determine o(13).
-14
Let h(w) = w**3 + w**2 + 3*w - 4. Give h(0).
-4
Let s(k) = -10*k - 382. Calculate s(-38).
-2
Let b(t) = t**2 + 11*t + 11. Calculate b(-11).
11
Let v(j) = -j**2 + 13*j - 26. What is v(11)?
-4
Let k(a) = a**3 + a**2 - a - 4. Calculate k(-3).
-19
Let k(o) = 2*o**3 + 4*o**2 + o + 2. Determine k(-3).
-19
Let u(m) = m**3 - 21*m**2 - 2*m + 8. What is u(21)?
-34
Let z(c) = -6*c - 131. Calculate z(-22).
1
Let p(o) = 4*o - 77. What is p(32)?
51
Let m(f) = f**2 - 18*f + 45. What is m(6)?
-27
Let s(a) = -8*a - 8. Determine s(4).
-40
Let g(t) = 10*t - 5. What is g(-3)?
-35
Let t(q) = -4*q**2 - 2*q + 1. Determine t(1).
-5
Let c(i) = -i**2 - 3*i - 1. Determine c(-3).
-1
Let i(k) = k - 4. What is i(6)?
2
Let a(h) = -9*h + 3. Calculate a(2).
-15
Let x(g) = g**3 - 9*g**2 - 16*g + 3. What is x(11)?
69
Let b(u) = -3*u + 30. Calculate b(9).
3
Let c(s) = 2*s + 53. Determine c(-19).
15
Let i(b) = 2*b - 19. Calculate i(0).
-19
Let s(k) = -k**2 - 55*k + 9. Calculate s(-55).
9
Let a(i) = 5*i. What is a(1)?
5
Let k(o) = -18*o + 131. Calculate k(5).
41
Let u(g) = -2*g + 25. What is u(0)?
25
Let c(m) = -m**3 + m**2 + 3*m + 2. Determine c(3).
-7
Let t(y) = 22*y - 27. Determine t(6).
105
Let d(n) = n**2 + 8*n - 5. Determine d(0).
-5
Let o(f) = -f**3 + 4*f**2 - 6. Calculate o(3).
3
Let c(z) = -z**2 + 2*z - 7. Calculate c(3).
-10
Let i(y) = -y**3 - 10*y**2 - 9*y + 3. Calculate i(-9).
3
Let c(u) = 2*u**2 + 25*u + 44. Determine c(-10).
-6
Let x(p) = -p**2 - 2*p + 13. What is x(-6)?
-11
Let q(b) = 17*b**3 - 2*b**2 + 3*b - 1. Determine q(1).
17
Let s(u) = -9*u + 16. What is s(-7)?
79
Let o(b) = b**3 + 12*b**2 + 10*b - 15. Determine o(-11).
-4
Let x(m) = 29*m + 154. Give x(-5).
9
Let w(d) = 12*d + 230. Calculate w(-20).
-10
Let m(h) = h**3 + h. Give m(-1).
-2
Let l(d) = d**2 - 4*d - 28. Give l(7).
-7
Let g(z) = 4*z + 11. Give g(-3).
-1
Let y(r) = 2*r**2 + 19*r - 8. Give y(-10).
2
Let o(h) = -10*h - 2. Determine o(-1).
8
Let x(t) = -7*t - 240. Calculate x(-34).
-2
Let o(r) = 11*r**3 - r. Give o(-1).
-10
Let n(t) = t**3 - 15*t**2 + 11*t + 36. What is n(14)?
-6
Let u(a) = -6*a + 1. What is u(1)?
-5
Let f(g) = 10*g - 43. Determine f(4).
-3
Let q(d) = d**3 + 8*d**2 + 6*d. What is q(-5)?
45
Let u(f) = -61*f - 54. Calculate u(-1).
7
Let l(v) = v**3 - 3*v**2 - 6*v - 1. Give l(5).
19
Let y(k) = 21*k - 185. Determine y(8).
-17
Let k(j) = 4*j**3 - 2*j**2 - j - 2. Give k(-3).
-125
Let u(g) = 16*g - 1. Calculate u(1).
15
Let r(k) = k**3 + k - 2. What is r(1)?
0
Let h(p) = 3*p + 6. Give h(11).
39
Let x(m) = 4*m - 98. Give x(22).
-10
Let z(h) = 17*h + 3. Give z(-3).
-48
Let g(f) = -2*f**2 - 29*f - 55. Calculate g(-12).
5
Let m(w) = -2*w**2 + 11*w + 4. What is m(7)?
-17
Let h(a) = a - 54. Give h(16).
-38
Let q(h) = -h**3 + 3*h**2 + 13*h + 12. Determine q(-1).
3
Let t(u) = u**2 - 14*u + 15. Determine t(10).
-25
Let i(s) = 6*s**2 + 21*s - 8. Calculate i(-4).
4
Let r(t) = -t**3 - 2*t**2 + t + 4. What is r(-2)?
2
Let m(j) = 17*j**3 - 5*j**2 - 5*j + 1. Give m(-1).
-16
Let d(v) = 2*v + 9. Give d(7).
23
Let v(j) = -j**3 - 12*j**2 - 34*j + 2. Give v(-6).
-10
Let p(a) = -a**3 - 33*a**2 + 69*a - 33. What is p(-35)?
2
Let m(b) = 22*b + 89. Calculate m(-4).
1
Let j(w) = w**3 - 7*w**2 - 3*w + 3. Calculate j(6).
-51
Let f(q) = q**2 + 20*q - 18. Calculate f(-21).
3
Let b(f) = -4*f**3 + 3*f**2 - 2*f. Give b(-2).
48
Let s(n) = -n**3 - 3*n**2 + 7*n + 5. What is s(-5)?
20
Let t(m) = -20*m - 118. What is t(-7)?
22
Let s(a) = 2*a**3 + 6*a**2 - a - 11. Determine s(-4).
-39
Let r(b) = b**3 - 10*b**2 - 2*b + 14. Determine r(10).
-6
Let x(o) = o**2 + 6*o - 112. Give x(8).
0
Let n(b) = 2*b**2 + 13*b - 9. What is n(-7)?
-2
Let j(h) = -h**3 + 13*h**2 - h - 11. Give j(13).
-24
Let g(y) = -10*y - 1. Calculate g(-1).
9
Let y(h) = 5*h**2 - 34*h - 2. Determine y(6).
-26
Let s(g) = -4*g - 6. Give s(-4).
10
Let g(t) = t - 11. Calculate g(-16).
-27
Let m(i) = 17*i**3 + 3*i**2 - 2*i - 4. Determine m(-1).
-16
Let n(z) = -18*z**3 - z + 1. Determine n(1).
-18
Let l(k) = k**2 + 3*k - 20. What is l(-6)?
-2
Let t(m) = -m**3 + 22*m**2 + 47*m + 33. Calculate t(24).
9
Let z(r) = -r**2 + r - 5. Calculate z(6).
-35
Let r(n) = -9*n**2 + 3*n + 1. What is r(1)?
-5
Let v(j) = 6*j**2 - 41*j - 3. Determine v(7).
4
Let y(b) = 12*b**2 + 2. Determine y(2).
50
Let p(a) = -2*a + 6. Calculate p(8).
-10
Let w(s) = s**3 + 7*s**2 + 2*s - 5. Determine w(-6).
19
Let x(g) = 3*g**3 - 3*g**2 - 5*g + 4. Give x(4).
128
Let q(z) = 5*z + 1. What is q(1)?
6
Let g(q) = 5*q - 21. Give g(3).
-6
Let q(c) = c**2 - 4*c - 7. What is q(6)?
5
Let w(j) = -j**3 - 5*j**2 - 7*j - 1. Give w(-4).
11
Let q(f) = f - 33. Give q(24).
-9
Let d(s) = -27*s + 373. Calculate d(14).
-5
Let j(s) = s**2 - 2*s - 6. Give j(6).
18
Let w(u) = u**2 - 5*u. Determine w(6).
6
Let l(v) = -2*v**3 - 5*v**2 + 5*v + 12. Calculate l(-4).
40
Let i(m) = -m**2 - 7*m + 42. Calculate i(-10).
12
Let j(f) = f**3 - 13*f**2 + 18*f + 39. What is j(11)?
-5
Let y(o) = -8*o + 64. Give y(9).
-8
Let t(j) = j + 9. Give t(6).
15
Let y(z) = -z**2 + 8*z + 2. What is y(8)?
2
Let k(w) = w**3 - 7*w**2 + 2*w - 8. What is k(7)?
6
Let r(c) = 36*c**3 - c. Calculate r(-1).
-35
Let s(m) = -89*m - 538. Determine s(-6).
-4
Let p(w) = -19*w + 6. Determine p(1).
-13
Let k(l) = -3*l**3 - 23*l**2 + 14*l + 48. What is k(-8)?
0
Let x(u) = 3*u**2 - 2*u - 4. Determine x(2).
4
Let y(p) = -22*p**3 - 1. Calculate y(-1).
21
Let p(k) = -8*k - 96. What is p(-10)?
-16
Let f(p) = -2*p**2 - 18*p + 8. What is f(-13)?
-96
Let n(u) = -u + 8. Determine n(5).
3
Let j(s) = 2*s + 112. Determine j(-37).
38
Let w(p) = -14*p + 4. Calculate w(7).
-94
Let q(m) = -m**2 + 9*m + 17. Give q(10).
7
Let q(s) = -s**3 - 3*s**2 + 3*s + 7. What is q(-3)?
-2
Let r(g) = -g**2 - 16*g + 7. What is r(-18)?
-29
Let s(h) = 15*h - 3. What is s(2)?
27
Let o(u) = -26*u**2 - 1. Give o(1).
-27
Let x(u) = u**3 - 5*u**2 + 8. Calculate x(4).
-8
Let v(k) = 2*k. What is v(7)?
14
Let s(c) = -2*c**2 + 8*c + 4. Give s(7).
-38
Let q(g) = g**2 - 10*g + 1. Determine q(10).
1
Let c(t) = -t**2 + 13*t - 3. Determine c(10).
27
Let f(g) = -2*g**2 - 12*g + 15. Give f(-7).
1
Let z(y) = y**3 + 8*y**2 - 10*y - 8. Calculate z(-9).
1
Let t(p) = 2*p + 29. Give t(-9).
11
Let n(z) = -2*z**3 + z**2 - 2*z + 3. Calculate n(2).
-13
Let m(z) = -2*z**2 + 3*z + 10. Calculate m(-4).
-34
Let d(b) = -2*b**3 + b**2 - b - 4. What is d(0)?
-4
Let g(o) = 2*o**3 - 2*o**2 - o + 1. Calculate g(-2).
-21
Let f(u) = u**2 + 2*u + 3. What is f(3)?
18
Let v(n) = 3*n - 5. Calculate v(2).
1
Let h(z) = -z**3 - 4*z**2 - 4*z + 3. Calculate h(-4).
19
Let w(p) = 137*p - 135. What is w(1)?
2
Let p(o) = o**2 + 2*o - 63. What is p(7)?
0
Let m(s) = 5*s + 4. Determine m(14).
74
Let v(p) = 3*p**2 - 14*p + 14. Give v(3).
-1
Let o(k) = -k**3 - 11*k**2 - 17*k + 4. Determine o(-8